s digit of x?
9
Let t be 2/3*(2 + -14). Let j = t - 0. Let z = 13 + j. What is the units digit of z?
5
Suppose -3*z - 2*t = 2*t + 76, z = 2*t - 22. What is the units digit of (z/1)/(1 - 2)?
4
Suppose -11 = -2*g - 5*y, -5*g + 12 = -5*y + 2. Let f(v) = v**2 - 8. Let c be f(-6). Suppose -w + 5*w - c = -g*l, 4*l - 3*w = 29. What is the units digit of l?
8
Let a(f) = -f**3 + 6*f**2 + f - 7. Let w(m) = -m**2 + 6*m + 5. Let c be w(6). What is the tens digit of a(c)?
2
Suppose 30 = l + 4*l. What is the units digit of 6/(-18) - (-158)/l?
6
Suppose -5*m + 1 = -9. Suppose 5*a - 10 = -5*n, 2*a + m*a + 4 = 0. Suppose -n*x + 5*x = 4. What is the units digit of x?
2
Let c = 9 + -6. Suppose 2*k + 4 = 0, -4*h - c*k = -6*h + 10. What is the units digit of h?
2
Let w(n) = -n**2 - 2*n - 1. Suppose 5*s + 4*z = -6 - 15, 19 = s - 5*z. Let o be w(s). Let x(p) = -p**3 - p**2 - p + 6. What is the units digit of x(o)?
6
Let u(w) = -w**2 + 4*w + 7. Suppose s + 3*q = 11, 5*s + 4*q = 5*q + 23. What is the units digit of u(s)?
2
Suppose 0*j - j = 4*i - 1006, 0 = -3*j - 6. What is the tens digit of (i/16)/(-3)*-4?
2
Let a(b) be the first derivative of -b**3/3 + 7*b**2/2 - 4*b - 1. What is the units digit of a(5)?
6
Let h(c) = -c**3 + 4*c**2 + 5*c + 4. Let x be h(5). Suppose -2 = -3*d + x. Suppose 0 = -d*g - 0*g + 14. What is the units digit of g?
7
Suppose -4*f = -5*f + 15. What is the units digit of f?
5
Suppose 3*l + 474 = 2*s, 0 = 4*s - 3*l - 397 - 563. What is the hundreds digit of s?
2
Let j = 3 - 4. Let a(o) = o**2 + 4*o + 2. Let k be a(-3). What is the units digit of 9 - (3 - j/k)?
7
Suppose 2*l = 5*o + 75, 4*l = -0*l - 3*o + 137. Suppose -l = -2*i - 7. What is the tens digit of i?
1
Let o(g) = -g**2 - 6*g + 1. What is the units digit of o(-5)?
6
Suppose w - 3 = 3. Suppose 18 = -3*r + w*r. Let u = r - 3. What is the units digit of u?
3
Let r(d) = d**3 + d**2 + d + 1. Suppose 2*f = 3*f. What is the units digit of r(f)?
1
Suppose 2*m - 22 - 2 = 0. Suppose -4*t + 3*l = m + 14, 5*t = -5*l - 50. What is the units digit of (42/(-8))/(3/t)?
4
Suppose -2*l = l - 90. What is the tens digit of l?
3
Let f = -17 - -63. What is the units digit of f?
6
Let l(j) = -j**3 - 5*j**2. Let o be l(-5). Suppose -f + o*f + 15 = 0. Suppose 0*m - 5*m + f = 0. What is the units digit of m?
3
Let s(p) = -3*p**3 + 6*p + 8. What is the tens digit of s(-2)?
2
Let w(q) = -q**3 + 4*q**2 - q + 2. Let p(n) = -n - 4. Let v be p(-7). What is the units digit of w(v)?
8
Let v(z) = z**2 - 7*z + 8. Let f(d) = -5*d + 1. Let s be f(-1). Let m be v(s). Suppose -u - c = -m, -2*c = u - 1 + 3. What is the units digit of u?
6
Suppose -5*w + 11 = -34. Suppose 0 = f - w. What is the units digit of f?
9
Suppose -3*t + 381 = 114. Let d = -44 + t. Suppose -4*n = -35 - d. What is the tens digit of n?
2
Suppose 4*i - 9 = 2*x + 3*i, 5*i = -5*x - 45. Let a be ((-2)/(-5))/(x/(-330)). Suppose -4*j - a = -6*j. What is the tens digit of j?
1
Let x be (4/(4/(-9)))/1. Let k(b) = -b**2 - 9*b. Let g be k(x). Suppose g = -3*y + 4*y - 4. What is the units digit of y?
4
Let y(j) = 4*j - 5. Let c be y(3). Let x(h) = h**2 - 1. What is the units digit of x(c)?
8
Let j = -43 - -81. What is the tens digit of j?
3
Let m = 3 - -9. What is the tens digit of m?
1
Let r(g) = -g + 2. Let c be r(3). Let l(o) = -32*o**3 + 1. What is the units digit of l(c)?
3
Suppose -y = 4*y + 850. Let k be (-1)/4 + y/(-8). Suppose 5*q = 3*r + 28 + 37, -q = r - k. What is the units digit of q?
6
Let r = -9 + 14. Let u(a) = 10 - r + a**2 - 5*a - 5*a. What is the units digit of u(10)?
5
Let c = 17 - 14. Suppose -4*x + 9*x = n - 11, -c*x + 27 = n. What is the units digit of n?
1
What is the units digit of ((-106 - 1) + 1)*(-4)/8?
3
Let b(w) = -61*w + 3. Let x be b(-2). Suppose 2*h - 3*q = 54, 5*q = 5*h - 0*q - x. What is the units digit of h?
1
What is the hundreds digit of (-627)/(-6) + 10/20?
1
Let x(h) = h**2 + 3*h - 2. Let m be x(-3). Let o(s) = -s**3 + s + 1. Let r be o(m). Let b = 4 + r. What is the units digit of b?
1
Let l be ((-7)/(-2))/(4/(-8)). Let y = -2 - l. What is the units digit of y?
5
Let k = 30 + 16. What is the units digit of k?
6
What is the units digit of (3 - 15 - 2)*2/(-4)?
7
Suppose -3*v + 152 = 3*s + 2*v, -2*s + 110 = -v. What is the units digit of s?
4
Let d(t) = -t**3 + 4*t**2 - 4*t + 4. Let i be d(3). What is the units digit of i/(6/(-3))*-4?
2
Suppose 3*q = 10*q - 826. What is the tens digit of q?
1
What is the units digit of 2*((-81)/(-6) + 0)?
7
Let m(k) = k - 1. Let o(a) = -a**2 - 8*a - 3. Suppose -9 = 3*b - 4*z + 5, b + 3*z + 9 = 0. Let c be o(b). What is the units digit of m(c)?
8
Suppose 4*f - 4*s - 168 = 0, 4*f + 3*s - 188 = -20. What is the tens digit of f?
4
Suppose -h + 234 = 2*h. What is the tens digit of h?
7
Let u = -1 + 5. Suppose q - 4*s + 28 = u*q, -4*q + 89 = -5*s. What is the units digit of q?
6
Let d(h) = -3*h**2 - 15*h - 21. Let u(x) = -2*x**2 - 8*x - 11. Let g(l) = 3*d(l) - 5*u(l). What is the units digit of g(7)?
6
Let h(r) = -5*r - 1. Let d = 6 - 8. What is the units digit of h(d)?
9
What is the units digit of ((3 - 3) + 6)*(1 - 0)?
6
Suppose -v - 565 = -5*u, 2*v = -18*u + 14*u + 466. What is the tens digit of u?
1
Let n(h) = -h**2 - 8*h - 1. Let g be n(-8). Let z = -2 + g. What is the units digit of (-51)/(-5) + z/15?
0
Let w(v) = -18*v + 6. What is the units digit of w(-4)?
8
Suppose d + 30 = 4*d. Let s = 14 - d. What is the units digit of s?
4
Suppose 2*m = 4*u - 368, 5*u - 486 = -2*m - 2*m. What is the units digit of u?
4
Let c(q) be the first derivative of q**3/3 + q**2/2 - q - 4. Let k be c(-3). Suppose -4*o - 5*t = -2*o - 15, k*o = -5*t + 30. What is the units digit of o?
5
Let h = 5 + 13. Suppose -4*z - 5*k = -h, 3*z - 19 = -4*k + 3*k. What is the units digit of z?
7
What is the tens digit of (-8)/2 + (177 - (5 - 1))?
6
Let h(m) = 310*m - 1. What is the hundreds digit of h(1)?
3
Let x(b) = -b**3 - 11*b**2 - 12*b + 2. Let a be x(-10). Suppose -j - j + 2*u = -a, -3*j - 4*u + 33 = 0. What is the tens digit of j?
1
Let k(n) = 2*n - 11. What is the units digit of k(20)?
9
Let i(p) = -2*p**2 + p + 2. Let z be i(-2). Let h = 5 + z. What is the units digit of h/(-3*(-2)/(-2))?
1
Let p = -4 - -21. Let u = p + -12. What is the units digit of u?
5
Let f be (-6 - 0)/(3 - 5). Suppose -3*w = -21 + f. What is the units digit of w?
6
Let x(i) = -i + 1. Let g(o) = o - 6. Let l(z) = g(z) + 4*x(z). What is the units digit of l(-3)?
7
Let n = 3 - -5. Let b = 4 - 10. Let g = b + n. What is the units digit of g?
2
Let f(u) = u**3 + 3*u**2 - u - 2. Let o(s) = -5*s. Let m be o(-1). Suppose 2*g + m = -1. What is the units digit of f(g)?
1
Suppose i + 6 = 2*z + 4, 3*i + 5*z = 27. Suppose 2*d = i*v - 10, -3*v + 11 = 5*d - 4*v. What is the units digit of d?
3
Suppose 5 = -f + 7. Let h(y) = 9*y**2 + y - 1. What is the units digit of h(f)?
7
Suppose y = -3*y + 80. What is the units digit of y?
0
Let o(n) = n + 5. Let a be o(4). What is the units digit of 2/a*-3*-24?
6
What is the units digit of 65/2 + 5/10?
3
Let i(c) = -c**2 - 11*c - 12. Let l be i(-10). Let z be (l + -4)*1/(-3). What is the units digit of 11 + (z + -1)*2?
3
Suppose -9*g = 16 + 56. Let w = 7 - 10. What is the units digit of w + 1 - (g - -1)?
5
Let o = -3 - -9. Suppose 2*x = 3*i - 5*i - o, -3*i = 2*x + 6. Suppose -s + 3*d + i = -11, 3*d = 0. What is the units digit of s?
1
Let a(j) = 0*j**2 - 5 + 5*j**2 - 4*j**2. What is the tens digit of a(-4)?
1
Suppose a - 11 = -5*j - 0, -4*a = -2*j. Let x = j - 5. What is the units digit of (2/(-4))/(x/48)?
8
Let t be -1 + 1 - -1*3. Suppose 0 = 4*i - t*i - 2. Suppose -i*s + 1 = -s. What is the units digit of s?
1
Let g(r) = -r**3 + r**2 - r + 1. Let f be g(2). Let z = f + 6. What is the units digit of z?
1
Suppose 6*j - 128 = 4*j. Suppose 0 = -3*d + d + j. Let u = d + -18. What is the units digit of u?
4
Suppose 10 = 2*m - 2*l, -2*m = m - 4*l - 20. What is the tens digit of (m - 12/(-4)) + 43?
4
Suppose 0 = -3*d - 2*d - 205. Let r = -24 - d. What is the units digit of r?
7
Let x be 0/(0 + -2) - 3. What is the tens digit of x/5 + (-412)/(-20)?
2
Let h = 86 + -51. Let d = h + -15. What is the tens digit of d?
2
Let u(q) = -q**3 + 4*q**2 - q - 1. Let f be u(2). Suppose -85 = -f*k - 5*g, -2*k = k - 3*g - 81. What is the tens digit